4?
True
Is 58 a factor of 1102?
True
Does 29 divide 1026?
False
Is 114 a factor of 2280?
True
Is 4 a factor of 2441?
False
Is 608 a multiple of 19?
True
Is 5045 a multiple of 62?
False
Is 1516 a multiple of 100?
False
Is 197 a factor of 39991?
True
Is 9639 a multiple of 15?
False
Does 8 divide 183?
False
Does 28 divide 2593?
False
Is 9 a factor of 1512?
True
Is 26 a factor of 269?
False
Is 6981 a multiple of 13?
True
Is 4519 a multiple of 16?
False
Does 538 divide 157096?
True
Is 87 a factor of 4773?
False
Is 2436 a multiple of 14?
True
Does 36 divide 179136?
True
Does 18 divide 97471?
False
Is 57342 a multiple of 19?
True
Is 4 a factor of 4788?
True
Does 25 divide 14150?
True
Is 16841 a multiple of 100?
False
Is 21323 a multiple of 12?
False
Is 9 a factor of 3516?
False
Does 22 divide 404?
False
Is 2208 a multiple of 23?
True
Is 21 a factor of 992?
False
Is 443 a multiple of 32?
False
Is 159 a multiple of 15?
False
Does 4 divide 141?
False
Does 9 divide 751?
False
Is 86 a factor of 45640?
False
Does 9 divide 198?
True
Is 1080 a multiple of 108?
True
Is 12 a factor of 428?
False
Does 47 divide 4089?
True
Does 14 divide 644?
True
Does 29 divide 2088?
True
Does 129 divide 4280?
False
Does 2 divide 5621?
False
Does 14 divide 1848?
True
Does 74 divide 191?
False
Is 61 a factor of 2562?
True
Is 21406 a multiple of 7?
True
Is 14 a factor of 2669?
False
Does 68 divide 952?
True
Does 15 divide 1365?
True
Does 5 divide 393?
False
Does 56 divide 6216?
True
Is 12 a factor of 2897?
False
Is 46572 a multiple of 12?
True
Is 50 a multiple of 2?
True
Does 17 divide 21005?
False
Is 1722 a multiple of 6?
True
Is 6644 a multiple of 44?
True
Is 2482 a multiple of 41?
False
Does 12 divide 816?
True
Is 40 a factor of 54160?
True
Does 2 divide 2429?
False
Is 47 a factor of 893?
True
Is 8 a factor of 1800?
True
Does 36 divide 1089?
False
Is 624 a multiple of 6?
True
Is 72080 a multiple of 424?
True
Does 17 divide 1326?
True
Does 99 divide 3752?
False
Does 24 divide 120?
True
Does 13 divide 69?
False
Is 810 a multiple of 30?
True
Does 58 divide 2552?
True
Is 46 a factor of 3786?
False
Is 39 a factor of 10023?
True
Is 11880 a multiple of 54?
True
Is 70 a multiple of 7?
True
Is 8598 a multiple of 6?
True
Is 42 a factor of 1564?
False
Does 6 divide 1300?
False
Does 40 divide 160?
True
Is 18 a factor of 3618?
True
Is 292 a multiple of 3?
False
Is 32 a factor of 1312?
True
Does 11 divide 31?
False
Does 15 divide 103157?
False
Is 950 a multiple of 25?
True
Does 140 divide 15153?
False
Is 79 a factor of 870?
False
Is 13 a factor of 10573?
False
Is 11 a factor of 20538?
False
Is 24 a factor of 8186?
False
Is 19 a factor of 373?
False
Is 13 a factor of 598?
True
Does 5 divide 8659?
False
Does 6 divide 528?
True
Does 31 divide 19408?
False
Is 4160 a multiple of 13?
True
Is 1306 a multiple of 3?
False
Does 34 divide 6120?
True
Does 17 divide 103194?
False
Does 32 divide 2516?
False
Is 3 a factor of 17?
False
Is 178 a multiple of 2?
True
Is 481 a multiple of 13?
True
Is 6414 a multiple of 2?
True
Is 83 a factor of 24153?
True
Is 7852 a multiple of 96?
False
Does 5 divide 4845?
True
Is 69 a factor of 45043?
False
Is 8 a factor of 960?
True
Does 35 divide 32729?
False
Is 7 a factor of 140?
True
Is 98 a factor of 11773?
False
Is 83 a factor of 5146?
True
Does 174 divide 32252?
False
Is 117 a factor of 24203?
False
Is 118 a factor of 59116?
False
Is 5 a factor of 21525?
True
Is 9881 a multiple of 41?
True
Is 53 a factor of 28059?
False
Does 55 divide 1210?
True
Is 97 a factor of 9312?
True
Does 24 divide 192?
True
Does 31 divide 8184?
True
Is 15 a factor of 4107?
False
Is 9 a factor of 1134?
True
Is 12 a factor of 7476?
True
Does 22 divide 220?
True
Does 14 divide 18153?
False
Does 13 divide 221?
True
Is 56 a factor of 7336?
True
Does 3 divide 1157?
False
Does 10 divide 478?
False
Does 13 divide 2389?
False
Is 74 a factor of 666?
True
Is 36 a factor of 288?
True
Is 38 a factor of 62255?
False
Is 2 a factor of 71?
False
Is 21 a factor of 192?
False
Is 22 a factor of 3498?
True
Is 51 a factor of 34986?
True
Is 748 a multiple of 17?
True
Does 41 divide 628?
False
Does 23 divide 8993?
True
Does 11 divide 820?
False
Is 42792 a multiple of 159?
False
Is 99 a factor of 29997?
True
Does 82 divide 1746?
False
Does 62 divide 110980?
True
Is 3 a factor of 597?
True
Is 32 a factor of 3904?
True
Is 83072 a multiple of 11?
True
Is 7 a factor of 15155?
True
Is 251 a factor of 9970?
False
Does 4 divide 781?
False
Does 74 divide 8954?
True
Does 20 divide 420?
True
Is 13 a factor of 1164?
False
Does 5 divide 3001?
False
Does 12 divide 9552?
True
Is 2550 a multiple of 39?
False
Is 39 a factor of 90207?
True
Does 2 divide 380?
True
Does 239 divide 16024?
False
Does 147 divide 76881?
True
Is 162 a factor of 42606?
True
Is 180 a multiple of 5?
True
Is 86666 a multiple of 75?
False
Does 13 divide 656?
False
Is 3 a factor of 54?
True
Is 5 a factor of 215?
True
Does 43 divide 17900?
False
Is 973 a multiple of 57?
False
Does 41 divide 54858?
True
Is 3675 a multiple of 87?
False
Is 1740 a multiple of 58?
True
Does 5 divide 718?
False
Does 107 divide 10379?
True
Is 18382 a multiple of 14?
True
Is 56 a factor of 2252?
False
Is 9 a factor of 1562?
False
Is 228 a multiple of 76?
True
Does 7 divide 989?
False
Does 30 divide 16475?
False
Is 105 a multiple of 36?
False
Does 4 divide 80?
True
Is 370 a multiple of 23?
False
Is 106 a factor of 161120?
True
Does 15 divide 240?
True
Does 185 divide 19055?
True
Does 13 divide 7786?
False
Is 1100 a multiple of 25?
True
Does 192 divide 14708?
False
Does 150 divide 81150?
True
Does 76 divide 1566?
False
Is 144 a multiple of 8?
True
Is 351 a factor of 30186?
True
Does 9 divide 3121?
False
Is 208 a factor of 14560?
True
Is 1969 a multiple of 37?
False
Is 19 a factor of 817?
True
Is 114 a factor of 7528?
False
Does 28 divide 962?
False
Is 35 a factor of 980?
True
Is 70651 a multiple of 165?
False
Does 31 divide 1418?
False
Is 11280 a multiple of 141?
True
Is 576 a multiple of 30?
False
Does 13 divide 9633?
True
Is 90972 a multiple of 18?
True
Is 23954 a multiple of 58?
True
Is 5 a factor of 4724?
False
Is 56 a factor of 2352?
True
Is 825 a multiple of 15?
True
Does 8 divide 43326?
False
Is 4 a factor of 215?
False
Does 31 divide 556?
False
Does 9 divide 467?
False
Is 46310 a multiple of 129?
False
Does 5 divide 256?
False
Does 11 divide 745?
False
Does 45 divide 687?
False
Is 133 a multiple of 13?
False
Is 43 a factor of 129?
True
Is 38 a factor of 1175?
False
Does 47 divide 2632?
True
Is 5 a factor of 430?
True
Is 642 a multiple of 2?
True
Is 4788 a multiple of 57?
True
Does 28 divide 10808?
True
Does 18 divide 1136?
False
Is 21 a factor of 41622?
True
Is 2001 a multiple of 8?
False
Is 11 a factor of 308?
True
Does 24 divide 215?
False
Is 17 a factor of 51?
True
Does 50 divide 9700?
True
Does 12 divide 420?
True
Is 74 a factor of 41203?
False
Is 1204 a multiple of 11?
False
Is 49 a factor of 1176?
True
Is 2 a factor of 56?
True
Does 5 divide 12905?
True
Is 116 a factor of 20764?
True
Does 310 divide 21700?
True
Is 21494 a multiple of 10?
False
Does 10 divide 170?
True
Is 2592 a multiple of 32?
True
Does 27 divide 2316?
False
Is 7 a factor of 658?
True
Is 2342 a multiple of 8?
False
Is 9 a factor of 3378?
False
Does 14 divide 3081?
False
Is 49 a factor of 4214?
True
Is 245 a multiple of 7?
True
Is 7390 a multiple of 10?
True
Is 738 a multiple of 6?
True
Is 27 a factor of 1927?
False
Is 380 a multiple of 5?
True
Is 95374 a multiple of 466?
False
Is 4 a factor of 20?
True
Does 48 divide 59424?
True
Is 3210 a multiple of 27?
False
Is 56 a factor of 1894?
False
Is 4188 a multiple of 10?
False
Is 5 a factor of 2378?
False
Is 5659 a multiple of 12?
False
Is 4 a factor of 1108?
True
Is 764 a multiple of 35?
False
Is 15927 a multiple of 49?
False
Does 231 divide 4237?
False
Is 1380 a multiple of 12?
True
Is 117 a factor of 52658?
False
Does 13 divide 1180?
False
Does 116 divide 21434?
False
Is 190 a multiple of 2?
True
Is 2 a factor of 64?
True
Is 212 a multiple of 11?
False
Is 4 a factor of 894?
False
Is 37260 a multiple of 18?
True
Is 12 a factor of 18183?
False
Is 1719 a multiple of 12?
False
Is 36 a factor of 504?
True
Is 1608 a multiple of 8?
True
Does 64 divide 132?
False
Is 